 0?
-21
Calculate (7 - -19) + (-13 - (3 + (7 - 14))).
17
Evaluate -16 + 2 + 37 - 8.
15
Evaluate (-21 - -23) + 24 + (-4 + 4 - 6).
20
What is the value of -32 - (18 + -27 + -5)?
-18
What is -21 + (-40 - (26 + -86))?
-1
Evaluate (6 - 29) + 24 + (0 + 0 - -8).
9
What is 16 - (22 + -17 + -14 - 4)?
29
What is the value of 4 - 2 - 8 - -6 - (-1 - -6)?
-5
-19 - (-44 + (4 - -19))
2
What is -10 - -5 - (18 - 25)?
2
What is the value of (-29 - -1) + -12 + 16 - (-1 - 7)?
-16
-26 + -1 + -17 - -13
-31
Calculate (-2 - ((-2 - 1) + 7)) + (25 - 24).
-5
Calculate 7 - (0 + 1 + (-14 - (-28 - -18))).
10
Calculate 10 - (19 + -5 - 13 - -2).
7
Evaluate -1 + 1 + (3 - (-15 + 11)) + -3.
4
Calculate -6 - (-13 + 1 + 0 + 6).
0
Calculate (4 - -5) + -7 + -7 + (-1 - -1).
-5
Calculate (-29 - -54 - -15) + -23.
17
What is the value of (-2 - 9) + (-2 + 11 - 10)?
-12
Evaluate -5 - (-11 + 24 - 9).
-9
What is 3 - 0 - (6 + -5 - 15)?
17
Evaluate -67 + 13 - (4 + -35).
-23
What is -11 + 24 + -11 + 3 + -11?
-6
Calculate 2 + (-7 - 0) - (-32 + 42).
-15
What is the value of (-8 - (11 + -20 - (-10 + 3))) + -9?
-15
What is the value of -4 + 9 - -5 - -6?
16
Evaluate 3 - -26 - (-147 + 180).
-4
What is (44 - (58 - -8)) + -7?
-29
Evaluate -4 + -7 + (20 - 8).
1
What is the value of (19 - (18 + 3)) + 10?
8
1 + (16 - -26) + -45
-2
5 + (-1 - (-9 + -8) - 9)
12
(-15 - 0) + -8 + 14 + -18 + 11
-16
What is the value of (-8 - (9 + -10) - -2) + -13 + 4?
-14
What is the value of 4 + 4 + -16 - (1 - 6 - -4)?
-7
-6 - (2 + (5 - -1) - (-245 + 249))
-10
Calculate 33 + -5 - 41 - -32.
19
Evaluate -1 + 9 + -6 + 5 + -3.
4
What is the value of -16 + 6 + -23 + 26 + 9?
2
What is (-53 - -47) + (6 + -6 - (-1 - 4))?
-1
What is (-1 + 10 - 12) + (-13 - -6) + -2?
-12
Evaluate (-2 - -4 - 4) + 58 + -25 + -24.
7
2 + (-10 - (-1 - 2)) - 3
-8
-2 + (-36 + 42 - (15 + -1)) + 26
16
Evaluate (20 - (2 + 4)) + (-48 - -39).
5
Calculate 10 + (3 - -22 - (-24 + 13)) - 11.
35
Calculate (-21 - 5) + (11 - 16 - (1 + -1)).
-31
1 + -14 - (-158 + 161)
-16
Evaluate 5 - ((6 - 12) + -5).
16
What is the value of (177 - 178) + (-2 - -6) + -3 + 1?
1
What is the value of -4 - (34 - 26 - (21 - 0))?
9
Calculate (0 - -40) + 921 + -936.
25
What is -11 + 1 + (-63 - -51)?
-22
(5 - (-44 - -6)) + (14 - 29)
28
What is the value of 9 - (8 - (-15 - -51))?
37
Calculate -11 + (-76 - -90) + (0 - -19).
22
Evaluate 1 - (13 + -4 - (-1 + -8 - -4)).
-13
What is the value of 8 + (21 - (21 - 17))?
25
Calculate 0 - (12 + (4 - 18)).
2
(10 + -3 - 15) + 1
-7
Calculate (5 - (-5 - 15 - -12)) + 2.
15
Evaluate 11 + 15 + (19 - 37 - -18).
26
Calculate -23 + 0 + (3 - 18 - -5).
-33
Evaluate 1 + 2 + (-3 - 0) - (-44 - -38).
6
Calculate (5 - 44) + (2 - (-16 - 0)).
-21
(0 - 0) + (-9 + 6 - (-5 - 3))
5
Evaluate -4 + 3 - (18 - (0 - -26)).
7
-4 - (9 + -5 + -2 + 0 - 2)
-4
What is 1435 + -1477 - (-1 + -71)?
30
What is -30 + 34 + -16 + (-3 - 1)?
-16
Calculate 0 + -14 + 17 - (7 - -2).
-6
Evaluate -1 + 6 + (117 - 107 - (28 + -2)).
-11
Calculate 29 - (-7 - -12 - -11).
13
What is -5 - (-1 + 4) - (15 - 26)?
3
Evaluate 60 + -8 - 33 - -8.
27
-25 - (-72 - -10) - 23
14
Evaluate -25 + 9 - -25 - 22.
-13
-25 + (31 - 28) + (0 - -3) + 5
-14
Calculate (-7 - -17 - -17) + -14.
13
23 + (-13 + -8 - -4)
6
What is -103 - -172 - 95 - (0 + 5)?
-31
What is the value of (17 - 32) + 9 - -21?
15
Evaluate -2 + -9 + (-2 - 2) + -8 + 8.
-15
What is the value of -12 - -32 - (-20 - 0 - -52)?
-12
What is the value of 43 - (20 + 11) - (22 - 0)?
-10
What is the value of 8 + (-79 + 39 - -54)?
22
Calculate -10 + 3 + -12 + 18.
-1
Evaluate -27 - (-11 + 25 + -27).
-14
Evaluate 2 + 2 + -1 + (-9 - -6).
0
What is the value of 17 - (8 + -7 - (-2 - 1) - 1)?
14
What is -9 - -1 - (-20 + -22 + 30)?
4
What is 4 + (-36 + 28 - (-3 - 14))?
13
What is 23 + -1 + (-9 - (8 - 7))?
12
What is the value of -3 - -9 - ((0 - 3) + -1 + 5)?
5
Evaluate -2 + -22 - (106 + -130).
0
Calculate 7 + (-18 - -6) + -12 + 4.
-13
7 - 9 - (-2 + 9 - 1)
-8
What is the value of 0 + (3 + -3 - (-4 + 4)) + -1?
-1
What is -17 - (14 + 0 + -22 + 4)?
-13
Evaluate 157 + -141 + 8 + (6 - -1).
31
Calculate -1 + (3 - 7) - -6 - 7.
-6
(-55 - -2 - -4) + (-14 - -18 - -8)
-37
4 - (4 + -7 + 38) - (-41 + 30)
-20
(-6 - 4) + (-15 - -1) - (-9 - -2)
-17
-1 + 12 + (-34 - (16 + -20 + -1))
-18
38 - (17 + -23 + 21)
23
What is the value of -31 - -18 - (-3 - (-1 + 0))?
-11
10 + 2 - (8 + (-52 - -58))
-2
Evaluate -3 - -3 - (10 + (-10 - 15)).
15
What is the value of (20 - -1) + -167 + 138?
-8
Evaluate (-3 + 0 - -9) + 4.
10
What is the value of (6 + -17 + -10 - (2 + -5)) + -1?
-19
Evaluate -33 - -35 - (8 - (-11 + 8)).
-9
What is the value of (-13 - 15) + (1 - -8 - -1) - 6?
-24
Evaluate (-3 - 0) + (3 - 7 - -6).
-1
What is -50 + 2 + -25 + 52?
-21
Evaluate 2 + (-20 - -10 - 0).
-8
Calculate (11 - 1) + -22 + 20 + 5.
13
-6 + 27 + -23 + (0 - 1) + -3
-6
What is the value of 0 + -3 + -6 - (-11 - (-20 - -9))?
-9
What is the value of -3 + -8 - ((-6 - 3) + 9)?
-11
15 + (-20 - (9 + -9))
-5
What is the value of -10 + -57 + 60 + (1 - 16 - -1)?
-21
What is the value of 2 - (0 + -17 + 13 + -21)?
27
Calculate 48 - 88 - -48 - (-2 - -1).
9
Evaluate -8 - -1 - (6 - -1 - -5 - 24).
5
What is the value of -9 - (4 + -9) - 2 - (6 + -1)?
-11
Calculate (-21 - -4) + -33 + 40.
-10
What is -29 + (16 - (-13 - -17))?
-17
Evaluate -10 + (-1 - ((7 - 67) + 15)).
34
What is the value of -2642 + 2651 + 0 + -2 + 0 + 10?
17
What is -20 + 15 - (-8 + 0 + 1)?
2
What is 239 + -262 - (-13 - (0 + -2))?
-12
4 + 17 + -19 + -22
-20
Calculate 19 - (1 + -6 - -1 - -6 - -2).
15
Calculate (-97 - -100) + 0 + -7 - 8.
-12
Calculate -22 + (-4 - (9 - 7)) + 3.
-25
(-1063 - -1060) + -18 + 0
-21
What is 1 + (16 - 1) + -5 + -1?
10
Evaluate (-22 - -8 - -18) + 2 + -2 + -3.
1
Evaluate -7 + (3 - (10 - (6 + -18 - -16))).
-10
(-15 - (-47 - -30)) + (-2 - (-1 - -1))
0
What is the value of 969 - 975 - (9 - (-3 + 2))?
-16
What is the value of (-4 - -1 - 11) + -5 + (159 - 169)?
-29
Evaluate 17 + (-14 - (-3 + -1)).
7
-45 - (7 - 36) - -20
4
(-5 - -6 - -8) + -7 - 10
-8
Calculate -1 + -1 + (-1 + -5 - 6) + -1.
-15
What is the value of 7 + 10 + (-2 - -13)?
28
Evaluate -7 + 0 - (-32 - -20).
5
What is -9 + -10 + (4 - -21)?
6
3 + -30 - (39 - 54)
-12
What is (-4 - ((1 - (-6 - -17)) + 0)) + -13?
-7
0 - 9 - (89 + -103)
5
What is 0 - (-32 - (-30 + 25))?
27
What is -42 + 28 - (-3 - (0 + 0))?
-11
What is the value of -31 - (-12 + 17) - -5?
-31
Evaluate (-14 - (0 - 7)) + 18 + (-3 - -7).
15
(-1 - -5) + (-4 - 0) + (133 - 144)
-11
What is the value of -13 + (4 - 7) - (-8 - (3 - 6))?
-11
Evaluate -9 + (7 - 16 - (-9 - -1)).
-10
Calculate 25 + -21 + 2 + 9 + 4.
19
Calculate -4 - (-9 + (-12 - -15) + -8).
10
Evaluate 1 + -7 + 4 + 5.
3
What is -1 + (-8 - (-15 - -16)) - (-23 - -1)?
12
Evaluate -40 - (-27 + 0) - -24.
11
Calculate (0 - 7) + (-10 - (-9 - 4)) + -9.
-13
What is 9 + -1 + (27 - 20) + 4?
19
-8 + (-21 - -17) + (18 - -2)
8
What is 0 - -4 - (-8 - (-12 + (4 - -23)))?
27
What is the value of -16 - (0 + (-4 - 12))?
0
Evaluate -197 - -199 - (0 - 0).
2
Calculate (-4 + 14 - -1) + (14 - 9) + -6.
10
Calculate 92 - 76 - (-3 - -5 - -40).
-26
Evaluate (4 - 7) + -2 - (-1 - -3).
-7
Calculate (-17 - (-19 - -6 - 0)) + -9.
-13
What is 13 + 1 + -1 + 0 + (128 - 129)?
12
What is 0 + -22 - ((-11 - -13) + -9 - 0)?
-15
5 - (-28 + 15 + 21)
-3
What is 23 + -63 - -16 - -15?
-9
Calculate 4 - (-8 + -4 + 28).
-12
What is the value of 61 + -45 + (0 - -1 - 9)?
8
What is the value of (1 + 5 + 1 - 0) + 0 + 0?
7
Evaluate -24 - -50 - (10 + -9 + (4 - -1)).
20
Evaluate (-1 - (5 - -9)) + 24.
9
Calculate 4 - (-3 + -4 + 8 - 4).
7
Evaluate 104 + -97 - (4 - (-1 + -12)).
-10
What is the value of (-54 + -45 - -100) + 1 + (0 - 41)?
-39
Evaluate (1942 - 1908) + (0 - (14 - -1)).
19
Evaluate 87 - 48 - (11 - 10 - -4).
34
Calculate 1 + (-28 - -15) - 0.
-12
Calculate 26 - (27 + 5 + 11).
-17
(-1 + 3 - -5) + 14 + -25 + -5
-9
What is (-148 - -161) + (1 - 0)?
14
What is the value of 10 - 4 - (9 + (-27 - -6) - -9)?
9
What is (23 - 6 - 29) + (-1 - 5)?
-18
What is the value of -63 + -57 + 116 - (-1 - -2 - 3)?
-2
What is 7 + 1 + 6 + -9 + 5?
10
Calculate -75 - (33 - 119) - (38 + 2).
-29
Evaluate 6 - -1 - (-8 - -2 - -15) - -19.
17
What is 10 + 4 + -1 + (-109 - -91)?
-5
What is 1819 + -1814 + 17 + 0 + (2 - 0)?
24
What is the value of -4 + 22 + -21 - (4 + 1)?
-8
(-1 